{"id":8,"date":"2015-08-03T21:28:42","date_gmt":"2015-08-03T20:28:42","guid":{"rendered":"http:\/\/barrandov.sunnet.cz\/msz\/?page_id=8"},"modified":"2018-08-30T13:26:58","modified_gmt":"2018-08-30T12:26:58","slug":"o-nas","status":"publish","type":"page","link":"https:\/\/www.fzsbarr.cz\/msz\/o-nas\/","title":{"rendered":"P\u0159\u00edpravn\u00e9 t\u0159\u00eddy"},"content":{"rendered":"<p><span style=\"color: #000000;\">P\u0159\u00edpravn\u00e9 t\u0159\u00eddy jsou ur\u010deny pro&nbsp;d\u011bti, kter\u00e9&nbsp;pot\u0159ebuj\u00ed p\u0159ipravit na&nbsp;bezprobl\u00e9mov\u00fd vstup do&nbsp;1.&nbsp;t\u0159\u00eddy a&nbsp;p\u0159edej\u00edt tak p\u0159\u00edpadn\u00fdm ne\u00fasp\u011b\u0161n\u00fdm za\u010d\u00e1tk\u016fm. Nespornou v\u00fdhodou&nbsp;je maxim\u00e1ln\u00ed po\u010det do&nbsp;15 \u017e\u00e1k\u016f, veden\u00ed speci\u00e1ln\u00edm pedagogem logopedem a&nbsp;organizac\u00ed v\u00fduky. Jsou ur\u010deny p\u0159edev\u0161\u00edm pro&nbsp;d\u011bti s&nbsp;odkladem \u0161koln\u00ed doch\u00e1zky. Podrobn\u00e9 informace o p\u0159ij\u00edman\u00ed d\u011bt\u00ed <span style=\"color: #ff0000;\">zde<\/span><\/span><\/p>\n<h5><span style=\"color: #ff9900;\"><strong>O p\u0159\u00edpravn\u00fdch t\u0159\u00edd\u00e1ch <\/strong><\/span><\/h5>\n<p>Ji\u017e \u0161est\u00fdm rokem sd\u00edl\u00edme nov\u011b zrekonstruovanou budovu, za\u0159\u00edzenou modern\u00edm interi\u00e9rem a&nbsp;zahradou pln\u011b vybavenou hern\u00edmi prvky a&nbsp;percep\u010dn\u00ed terasou,<span style=\"color: #993366;\"><span style=\"color: #000000;\"> spolu se t\u0159emi t\u0159\u00eddami mate\u0159sk\u00e9 \u0161koly<\/span>.<\/span> V\u00fdhodou je \u00fazk\u00e1 spolupr\u00e1ce se&nbsp;\u0161kolkou a&nbsp;\u00fa\u010dast na&nbsp;n\u011bkter\u00fdch jej\u00edch aktivit\u00e1ch. Podporujeme u d\u011bt\u00ed kladn\u00fd vztah k p\u0159\u00edrod\u011b, a proto jsme sou\u010d\u00e1st\u00ed Mezin\u00e1rodn\u00edho programu <a href=\"http:\/\/www.ekoskola.cz\/\" target=\"_blank\" rel=\"noopener\">Eko\u0161kolka.<\/a> Na\u0161i pedagogov\u00e9 jsou zapojeni do projektu Kolegi\u00e1ln\u00ed podpory (H-mat) a Spole\u010denstv\u00ed praxe (PedF UK). Tyto projekty se zam\u011b\u0159uj\u00ed na matematickou pregramotnost. Samoz\u0159ejmost\u00ed je vyu\u017e\u00edv\u00e1n\u00ed nab\u00eddky krou\u017ek\u016f i&nbsp;prostor z\u00e1kladn\u00ed \u0161koly \u2013 \u0161koln\u00ed dru\u017eina, j\u00eddelna, &nbsp;t\u011blocvi\u010dna, divadlo, kuchy\u0148ka apod.<\/p>\n<h5><strong><span style=\"color: #ff9900;\">T\u0159\u00eddy<\/span><\/strong><\/h5>\n<p>T\u0159\u00eddy jsou z\u0159\u00edzeny dv\u011b,&nbsp;jsou rozd\u011bleny na&nbsp;hern\u00ed \u010d\u00e1st a&nbsp;v\u00fdukovou. Ve&nbsp;v\u00fdukov\u00e9 \u010d\u00e1sti jsou lavice, tabule a&nbsp;didaktick\u00e9 pom\u016fcky. Hern\u00ed plocha je&nbsp;vybavena kobercem a&nbsp;hra\u010dkami.&nbsp;P\u0159\u00edpravn\u00e1 t\u0159\u00edda&nbsp;A je&nbsp;vybavena interaktivn\u00ed tabul\u00ed. Jeliko\u017e&nbsp;je men\u0161\u00edch rozm\u011br\u016f, maxim\u00e1ln\u00ed po\u010det \u017e\u00e1k\u016f je&nbsp;zde&nbsp;12. P\u0159\u00edpravn\u00e1 t\u0159\u00edda&nbsp;B je vybavena pianem a&nbsp;televiz\u00ed s&nbsp;DVD, maxim\u00e1ln\u00ed kapacita je&nbsp;15&nbsp;\u017e\u00e1k\u016f. Ob\u011b t\u0159\u00eddy maj\u00ed mo\u017enost vyu\u017e\u00edvat ve\u0161kerou dostupnou techniku.<\/p>\n","protected":false},"excerpt":{"rendered":"<p>P\u0159\u00edpravn\u00e9 t\u0159\u00eddy jsou ur\u010deny pro&nbsp;d\u011bti, kter\u00e9&nbsp;pot\u0159ebuj\u00ed p\u0159ipravit na&nbsp;bezprobl\u00e9mov\u00fd vstup do&nbsp;1.&nbsp;t\u0159\u00eddy a&nbsp;p\u0159edej\u00edt tak p\u0159\u00edpadn\u00fdm ne\u00fasp\u011b\u0161n\u00fdm za\u010d\u00e1tk\u016fm. Nespornou v\u00fdhodou&nbsp;je maxim\u00e1ln\u00ed po\u010det do&nbsp;15 \u017e\u00e1k\u016f, veden\u00ed speci\u00e1ln\u00edm pedagogem logopedem a&nbsp;organizac\u00ed v\u00fduky. Jsou ur\u010deny p\u0159edev\u0161\u00edm pro&nbsp;d\u011bti s&nbsp;odkladem \u0161koln\u00ed doch\u00e1zky. Podrobn\u00e9 informace o p\u0159ij\u00edman\u00ed d\u011bt\u00ed zde &hellip; <a class=\"more-link\" href=\"https:\/\/www.fzsbarr.cz\/msz\/o-nas\/\">read more<\/a><\/p>","protected":false},"author":3,"featured_media":0,"parent":0,"menu_order":0,"comment_status":"closed","ping_status":"closed","template":"","meta":{"ngg_post_thumbnail":0,"footnotes":""},"class_list":["post-8","page","type-page","status-publish","hentry"],"_links":{"self":[{"href":"https:\/\/www.fzsbarr.cz\/msz\/wp-json\/wp\/v2\/pages\/8","targetHints":{"allow":["GET"]}}],"collection":[{"href":"https:\/\/www.fzsbarr.cz\/msz\/wp-json\/wp\/v2\/pages"}],"about":[{"href":"https:\/\/www.fzsbarr.cz\/msz\/wp-json\/wp\/v2\/types\/page"}],"author":[{"embeddable":true,"href":"https:\/\/www.fzsbarr.cz\/msz\/wp-json\/wp\/v2\/users\/3"}],"replies":[{"embeddable":true,"href":"https:\/\/www.fzsbarr.cz\/msz\/wp-json\/wp\/v2\/comments?post=8"}],"version-history":[{"count":44,"href":"https:\/\/www.fzsbarr.cz\/msz\/wp-json\/wp\/v2\/pages\/8\/revisions"}],"predecessor-version":[{"id":8232,"href":"https:\/\/www.fzsbarr.cz\/msz\/wp-json\/wp\/v2\/pages\/8\/revisions\/8232"}],"wp:attachment":[{"href":"https:\/\/www.fzsbarr.cz\/msz\/wp-json\/wp\/v2\/media?parent=8"}],"curies":[{"name":"wp","href":"https:\/\/api.w.org\/{rel}","templated":true}]}}