{"id":454,"date":"2015-10-07T22:34:23","date_gmt":"2015-10-07T21:34:23","guid":{"rendered":"http:\/\/barrandov.sunnet.cz\/msz\/?page_id=454"},"modified":"2020-02-21T12:56:07","modified_gmt":"2020-02-21T11:56:07","slug":"moderni-pristup-k-vychove-a-vzdelavani-deti","status":"publish","type":"page","link":"https:\/\/www.fzsbarr.cz\/msz\/o-nas\/spravni-zamestnanci\/moderni-pristup-k-vychove-a-vzdelavani-deti\/","title":{"rendered":"Modern\u00ed p\u0159\u00edstup k v\u00fdchov\u011b a vzd\u011bl\u00e1v\u00e1n\u00ed d\u011bt\u00ed"},"content":{"rendered":"<ul>\n<li>sledujeme nejnov\u011bj\u0161\u00ed trendy a inovace ve <strong>vzd\u011bl\u00e1v\u00e1n\u00ed pro 21. stolet\u00ed<\/strong><\/li>\n<li>p\u0159ipravujeme d\u011bti tak, abychom jim <strong>usnadnili jejich dal\u0161\u00ed \u017eivotn\u00ed i vzd\u011bl\u00e1vac\u00ed cestu<\/strong><\/li>\n<li>sna\u017e\u00edme se, aby byly maxim\u00e1ln\u011b podporov\u00e1ny individu\u00e1ln\u00ed rozvojov\u00e9 mo\u017enosti d\u011bt\u00ed, d\u011btem, kter\u00e9 to pot\u0159ebuj\u00ed, poskytujeme na z\u00e1klad\u011b znalosti aktu\u00e1ln\u00ed \u00farovn\u011b rozvoje i dal\u0161\u00edch rozvojov\u00fdch mo\u017enost\u00ed, <strong>v\u010dasnou speci\u00e1ln\u011b pedagogickou p\u00e9\u010di<\/strong>, abychom zlep\u0161ili jejich \u017eivotn\u00ed i vzd\u011bl\u00e1vac\u00ed \u0161ance<\/li>\n<li>d\u016fraz klademe zejm\u00e9na na <strong>pro\u017eitkov\u00e9 a kooperativn\u00ed u\u010den\u00ed hrou<\/strong>, situa\u010dn\u00ed a kolektivn\u00ed u\u010den\u00ed \u2013 d\u011bti maj\u00ed mo\u017enost pozn\u00e1vat sv\u011bt pomoc\u00ed konkr\u00e9tn\u00edch \u010dinnost\u00ed, kter\u00e9 jsou zalo\u017eeny na p\u0159\u00edm\u00fdch z\u00e1\u017eitc\u00edch d\u00edt\u011bte, podporuj\u00ed d\u011btskou zv\u00eddavost a pot\u0159ebu objevovat, podn\u011bcuj\u00ed radost d\u00edt\u011bte z u\u010den\u00ed, jeho z\u00e1jem pozn\u00e1vat nov\u00e9, z\u00edsk\u00e1vat zku\u0161enosti a ovl\u00e1dat dal\u0161\u00ed dovednosti,&nbsp; za\u0159azujeme do v\u00fduky vlastn\u00ed projekty<\/li>\n<li>uplat\u0148jeme <strong>integrovan\u00fd p\u0159\u00edstup<\/strong> nab\u00edzej\u00edc\u00ed d\u00edt\u011bti vzd\u011bl\u00e1vac\u00ed obsah v p\u0159irozen\u00fdch souvislostech, vazb\u00e1ch a vztaz\u00edch, vych\u00e1z\u00edme ze \u017eivota d\u00edt\u011bte tak,&nbsp; aby pro n\u011bj byl obsah smyslupln\u00fd, zaj\u00edmav\u00fd a u\u017eite\u010dn\u00fd, nab\u00edz\u00edme \u0161irokou \u0161k\u00e1lu r\u016fzn\u00fdch aktivit, z\u00edskan\u00e1 zku\u0161enost je komplexn\u011bj\u0161\u00ed a st\u00e1v\u00e1 se pro d\u00edt\u011b sn\u00e1ze uchopitelnou a prakticky vyu\u017eitelnou<\/li>\n<li>vyu\u017e\u00edv\u00e1me Hejn\u00e9ho metodu v\u00fduky p\u0159edmatematick\u00fdch dovednost\u00ed<\/li>\n<li>ke vzd\u011bl\u00e1v\u00e1n\u00ed vyu\u017e\u00edv\u00e1me tak\u00e9 interaktivn\u00ed tabuli, magic box a tablety, kter\u00e9 obsahuj\u00ed modern\u00ed v\u00fdukov\u00e9 programy a roz\u0161i\u0159uj\u00ed mo\u017enosti rozvoje v\u0161ech oblast\u00ed<\/li>\n<li>p\u0159i <strong>p\u0159\u00edprav\u011b na vstup do z\u00e1kladn\u00ed \u0161koly<\/strong> spolupracujeme se \u0161koln\u00edm psychologem a speci\u00e1ln\u00edmi pedagogy, p\u0159ed z\u00e1pisem do prvn\u00edch t\u0159\u00edd prob\u00edh\u00e1 v M\u0160 depist\u00e1\u017e \u0161koln\u00ed zralosti<\/li>\n<li>v\u0161ichni pedagogov\u00e9 byli pro\u0161koleni na <strong>testov\u00e1n\u00ed \u0161koln\u00ed zralosti a p\u0159ipravenosti<\/strong>, kter\u00e9 vzniklo ve spolupr\u00e1ci s pedagogicko psychologick\u00fdmi centry<\/li>\n<li>spolupracujeme se Z\u0160 \u2013 n\u00e1v\u0161t\u011bvy z\u00e1kladn\u00ed \u0161koly, n\u00e1v\u0161t\u011bvy u\u010ditel\u016f z&nbsp;prvn\u00edho stupn\u011b, vz\u00e1jemn\u00e1 prov\u00e1zanost p\u0159ed\u0161koln\u00edho a&nbsp;z\u00e1kladn\u00edho vzd\u011bl\u00e1v\u00e1n\u00ed<\/li>\n<li>dovzd\u011bl\u00e1v\u00e1me se&nbsp;nad&nbsp;r\u00e1mec na\u0161ich povinnost\u00ed<\/li>\n<\/ul>\n","protected":false},"excerpt":{"rendered":"<p>sledujeme nejnov\u011bj\u0161\u00ed trendy a inovace ve vzd\u011bl\u00e1v\u00e1n\u00ed pro 21. stolet\u00ed p\u0159ipravujeme d\u011bti tak, abychom jim usnadnili jejich dal\u0161\u00ed \u017eivotn\u00ed i vzd\u011bl\u00e1vac\u00ed cestu sna\u017e\u00edme se, aby byly maxim\u00e1ln\u011b podporov\u00e1ny individu\u00e1ln\u00ed rozvojov\u00e9 mo\u017enosti d\u011bt\u00ed, d\u011btem, kter\u00e9 to pot\u0159ebuj\u00ed, poskytujeme na z\u00e1klad\u011b znalosti &hellip; <a class=\"more-link\" href=\"https:\/\/www.fzsbarr.cz\/msz\/o-nas\/spravni-zamestnanci\/moderni-pristup-k-vychove-a-vzdelavani-deti\/\">read more<\/a><\/p>","protected":false},"author":3,"featured_media":0,"parent":195,"menu_order":0,"comment_status":"closed","ping_status":"open","template":"","meta":{"ngg_post_thumbnail":0,"footnotes":""},"class_list":["post-454","page","type-page","status-publish","hentry"],"_links":{"self":[{"href":"https:\/\/www.fzsbarr.cz\/msz\/wp-json\/wp\/v2\/pages\/454","targetHints":{"allow":["GET"]}}],"collection":[{"href":"https:\/\/www.fzsbarr.cz\/msz\/wp-json\/wp\/v2\/pages"}],"about":[{"href":"https:\/\/www.fzsbarr.cz\/msz\/wp-json\/wp\/v2\/types\/page"}],"author":[{"embeddable":true,"href":"https:\/\/www.fzsbarr.cz\/msz\/wp-json\/wp\/v2\/users\/3"}],"replies":[{"embeddable":true,"href":"https:\/\/www.fzsbarr.cz\/msz\/wp-json\/wp\/v2\/comments?post=454"}],"version-history":[{"count":5,"href":"https:\/\/www.fzsbarr.cz\/msz\/wp-json\/wp\/v2\/pages\/454\/revisions"}],"predecessor-version":[{"id":11480,"href":"https:\/\/www.fzsbarr.cz\/msz\/wp-json\/wp\/v2\/pages\/454\/revisions\/11480"}],"up":[{"embeddable":true,"href":"https:\/\/www.fzsbarr.cz\/msz\/wp-json\/wp\/v2\/pages\/195"}],"wp:attachment":[{"href":"https:\/\/www.fzsbarr.cz\/msz\/wp-json\/wp\/v2\/media?parent=454"}],"curies":[{"name":"wp","href":"https:\/\/api.w.org\/{rel}","templated":true}]}}

Moderní přístup k výchově a vzdělávání dětí

<ul>
<li>sledujeme nejnovější trendy a inovace ve <strong>vzdělávání pro 21. století</strong></li>
<li>připravujeme děti tak, abychom jim <strong>usnadnili jejich další životní i vzdělávací cestu</strong></li>
<li>snažíme se, aby byly maximálně podporovány individuální rozvojové možnosti dětí, dětem, které to potřebují, poskytujeme na základě znalosti aktuální úrovně rozvoje i dalších rozvojových možností, <strong>včasnou speciálně pedagogickou péči</strong>, abychom zlepšili jejich životní i vzdělávací šance</li>
<li>důraz klademe zejména na <strong>prožitkové a kooperativní učení hrou</strong>, situační a kolektivní učení – děti mají možnost poznávat svět pomocí konkrétních činností, které jsou založeny na přímých zážitcích dítěte, podporují dětskou zvídavost a potřebu objevovat, podněcují radost dítěte z učení, jeho zájem poznávat nové, získávat zkušenosti a ovládat další dovednosti,&nbsp; zařazujeme do výuky vlastní projekty</li>
<li>uplatňjeme <strong>integrovaný přístup</strong> nabízející dítěti vzdělávací obsah v přirozených souvislostech, vazbách a vztazích, vycházíme ze života dítěte tak,&nbsp; aby pro něj byl obsah smysluplný, zajímavý a užitečný, nabízíme širokou škálu různých aktivit, získaná zkušenost je komplexnější a stává se pro dítě snáze uchopitelnou a prakticky využitelnou</li>
<li>využíváme Hejného metodu výuky předmatematických dovedností</li>
<li>ke vzdělávání využíváme také interaktivní tabuli, magic box a tablety, které obsahují moderní výukové programy a rozšiřují možnosti rozvoje všech oblastí</li>
<li>při <strong>přípravě na vstup do základní školy</strong> spolupracujeme se školním psychologem a speciálními pedagogy, před zápisem do prvních tříd probíhá v MŠ depistáž školní zralosti</li>
<li>všichni pedagogové byli proškoleni na <strong>testování školní zralosti a připravenosti</strong>, které vzniklo ve spolupráci s pedagogicko psychologickými centry</li>
<li>spolupracujeme se ZŠ – návštěvy základní školy, návštěvy učitelů z&nbsp;prvního stupně, vzájemná provázanost předškolního a&nbsp;základního vzdělávání</li>
<li>dovzděláváme se&nbsp;nad&nbsp;rámec našich povinností</li>
</ul>

<p>sledujeme nejnovější trendy a inovace ve vzdělávání pro 21. století připravujeme děti tak, abychom jim usnadnili jejich další životní i vzdělávací cestu snažíme se, aby byly maximálně podporovány individuální rozvojové možnosti dětí, dětem, které to potřebují, poskytujeme na základě znalosti &hellip; <a class="more-link" href="https://www.fzsbarr.cz/msz/o-nas/spravni-zamestnanci/moderni-pristup-k-vychove-a-vzdelavani-deti/">read more</a></p>
